0*c + 12 = 0. What is the remainder when ((-60)/(-9)*3)/2 is divided by c?
1
Suppose 3 + 57 = 4*g. What is the remainder when 58 + (3 - -7)/2 + -7 is divided by g?
11
Let f = 369 - 143. What is the remainder when f is divided by 64?
34
Let p be 6/72 - (-13)/(-12). Let z(k) = 6*k**2 + 1 - k + 6*k**2 - 2. Calculate the remainder when 33 is divided by z(p).
9
Let o = 4962 + -4811. What is the remainder when o is divided by (-1 - -3)/((-3)/(-57))?
37
Let c(d) = -d**3 + 11*d**2 - 2*d + 1. Let b(y) = -2*y - 11. Let p be b(-8). Calculate the remainder when c(p) is divided by 36.
33
Let h be 24/(-42) + (-62)/14. Let j(o) = -5*o - 11. Let f be j(h). Suppose -10 = -2*r + f. What is the remainder when 47 is divided by r?
11
Let d = 16 + -8. Let g(l) = -l**3 - 9*l**2 - 6*l + 1. Calculate the remainder when g(-9) is divided by d.
7
Suppose -o - 53 = -2*o. Let f(d) be the third derivative of -d**4/24 + 7*d**3/2 - 5*d**2. Calculate the remainder when o is divided by f(10).
9
Suppose 0 = -5*c - 4*c + 99. Calculate the remainder when 230 is divided by c.
10
Suppose -148 = 5*v + w, 3*v - 4*w + 38 = 2*v. Let c = v - -47. Calculate the remainder when c is divided by ((-15)/(-9))/((-2)/(-12)).
7
Let a = -818 - -837. Suppose k + 390 = 4*k. Calculate the remainder when k is divided by a.
16
Let p(c) = 2*c**3 - 5*c**2 + c - 3. Let w(d) = d**2 - 11*d - 157. What is the remainder when w(-14) is divided by p(4)?
46
Let a = 8 - 9. Let q(x) = -165*x. Let v(l) = 15*l. Let k(o) = -4*q(o) - 45*v(o). What is the remainder when 59 is divided by k(a)?
14
Let i be 274 + ((15 - 3)/(-3))/1. Suppose -7*l + 1264 = i. Calculate the remainder when l is divided by 13.
12
Let g = -125 - -135. Calculate the remainder when 95 is divided by g.
5
Suppose -4*u + 18 = 2*d, 0 = -d + 5*u + 2 - 0. Let v = -566 + 577. Calculate the remainder when v is divided by d.
4
Let h(z) = 6*z**2 + 100*z + 21. What is the remainder when h(9) is divided by 32?
31
Let b = 11 - -5. Suppose -4*h + b = -5*i + 3*i, -4*h + i + 14 = 0. Suppose 2*v + 1 = h. What is the remainder when 3 is divided by v?
0
Suppose -23*w + 18*w = 20, 3*h + w = 215. What is the remainder when h is divided by (25/(-4))/((-1)/4)?
23
Let j = 1 - -138. Calculate the remainder when j is divided by 47.
45
Suppose -3*y - 1092 = -4*p - 5*y, 5*p + 3*y - 1365 = 0. What is the remainder when p is divided by 55?
53
Let l(a) = 3*a**2 + 4*a - 13. Calculate the remainder when l(-7) is divided by (-27)/(-2)*(2 + 0).
25
Suppose 0 = -7*p + 18 + 59. Suppose j + p = 14. Calculate the remainder when 3 is divided by j.
0
Let k(t) = -6*t + 158. What is the remainder when 161 is divided by k(21)?
1
Let l(p) = -5*p + 184. Calculate the remainder when 127 is divided by l(27).
29
Let b(c) = -c**2 - 6*c - 3. Suppose u + 0*u - 4 = 0. Suppose u*g = -g + 65. Calculate the remainder when g is divided by b(-3).
1
Let t(d) = -d**3 + 18*d**2 - 7*d + 171. What is the remainder when 490 is divided by t(18)?
40
Let o be 1/(2*3/1896). Suppose -2*f - f + 263 = 5*x, 2*x = 4*f - o. Calculate the remainder when f is divided by 21.
18
Let s(w) = 3*w**3 - 3*w**2 + 2*w - 3. Suppose t = q + 37, t + 4*t - 155 = -5*q. What is the remainder when t is divided by s(2)?
8
Let v(n) = -n**2 - 7*n - 6. Let r = 15 - 12. What is the remainder when (2 + -7)*-1*r is divided by v(-4)?
3
Suppose -5*c + 249 = -2*c. Let o(h) = -2*h - 13. What is the remainder when c is divided by o(-15)?
15
Let z(o) = o**2 - 11*o - 20. Let h be z(12). Let r = h - -16. What is the remainder when 53 is divided by r?
5
Let i(d) = 57*d + 1613. Suppose o + 93 = k, o + 0*o = 3*k - 289. Calculate the remainder when k is divided by i(-28).
13
Suppose m - 30 = 2. Let z = m - 19. Calculate the remainder when 590/25 + (-12)/20 is divided by z.
10
Let h(r) = r**3 + 16*r**2 + 14. Suppose y + 24 = 8. Suppose -144 - 128 = -4*p. What is the remainder when p is divided by h(y)?
12
Let w(s) = -s**2 + 33*s - 47. What is the remainder when 427 is divided by w(30)?
40
Suppose 35 + 25 = 5*v. Suppose -4*w + 20 = 0, w = 3*n - 24 + 5. Let m = v - n. Calculate the remainder when m is divided by 2.
0
Let i = 403 - 391. What is the remainder when 44 is divided by i?
8
Let r(l) = -l**2 - 13*l - 10. What is the remainder when r(-8) is divided by 11?
8
Let r(l) = -l**2 - 18*l - 52. What is the remainder when 81 is divided by r(-7)?
6
Suppose 8*w + 105 - 273 = 0. What is the remainder when 230 is divided by w?
20
Suppose 0 = 6*d - 3020 - 52. Calculate the remainder when d is divided by 19.
18
What is the remainder when 128 is divided by (-14)/((-8)/(-6)*(-3)/10)?
23
Let r(l) = -5*l - 7. Let t(f) = -4*f - 8. Let w(c) = -3*r(c) + 4*t(c). What is the remainder when 16 is divided by w(-17)?
4
Suppose 4*v - 4 = 0, 3*v + 40 + 139 = 2*m. Let i = m - 44. Let h(b) = -b**3 - 4*b**2 - b - 6. Calculate the remainder when i is divided by h(-5).
23
Let a be (3/2)/((-3)/(-6)) - 1. Suppose 46 = 3*t + 2*t + v, 11 = t + a*v. What is the remainder when 17 is divided by t?
8
Suppose -u - 3*u = -44. Suppose -u = -5*x + 9. Suppose f + 3*f - 3*t = 73, -x*f = 3*t - 79. Calculate the remainder when 74 is divided by f.
17
Let q(l) = l**2 + 27*l + 211. What is the remainder when 86 is divided by q(-14)?
28
Calculate the remainder when (-1)/((-5)/(-10)*2) + 96 is divided by 20.
15
Let u(f) = -2*f - 22. Let k be u(-12). Suppose o = -2*o + k*d + 347, 4*d - 20 = 0. Let w = 12 - -18. What is the remainder when o is divided by w?
29
Let u(k) = 9*k. Let q(r) = -2*r**2 - 5*r + 2. Let i(g) = 5*g**2 + 14*g - 7. Let m(f) = -3*i(f) - 8*q(f). What is the remainder when m(-6) is divided by u(2)?
17
What is the remainder when (-746)/(-2) + 4 + -8 is divided by 94?
87
Let m(c) = c**2 + 14*c + 41. What is the remainder when (105/(-10))/((-2)/16) is divided by m(-12)?
16
Let b(z) = 5*z + 2. Let s be b(5). What is the remainder when 18 is divided by 114/s + (-8)/36?
2
Calculate the remainder when 50 is divided by (-87)/145*(-260)/6.
24
Let s(u) = u**3 - 12*u**2 + 9*u. Let f be s(10). Let n = -74 - f. What is the remainder when n is divided by (-19)/(-2)*(4 + -2)?
17
Let f = -48 - -48. Suppose f = j - l - 36, -2*l - 138 = -5*j + j. Calculate the remainder when j is divided by 7.
5
Suppose 3 = a + a + 3*v, -4*a = -4*v - 36. What is the remainder when ((-8)/a)/2 + 3875/75 is divided by 18?
15
Let w(m) = m**2 - m - 7. Let s be w(4). Suppose 14*n = s*n + 234. What is the remainder when 41 is divided by n?
15
Let f(w) = -w**3 + 30*w**2 + 13*w - 62. What is the remainder when f(30) is divided by 55?
53
Suppose 4*f + 2*f + 12 = 0. Suppose -5*y - h + 57 = 2*h, 0 = 2*y + h - 22. What is the remainder when (9/12)/(f/(-40)) is divided by y?
6
Calculate the remainder when 42 is divided by (((-7)/3)/7)/((-1)/75).
17
Suppose -3*t + 58 = -3*z + 7, 5*z + 4*t = -67. Let c = z + 53. Calculate the remainder when c is divided by 10.
8
Calculate the remainder when 110 is divided by (112/2)/(-52 + 54).
26
Let a = 26 + -24. Suppose 9 = a*u - 13. What is the remainder when 27 is divided by u?
5
Suppose j = q - 6, -4*q + j = 2*j - 9. Suppose -74 + 185 = q*d. What is the remainder when d is divided by 19?
18
Let k(p) be the first derivative of -p**3/3 + 5*p**2/2 + 3. Suppose 0 = m + 3*x - 15, -x = 5*m + 4*x - 45. What is the remainder when m is divided by k(4)?
2
Let s(o) = o**2 - 5*o - 17. Suppose 6*d - 33 = 27. What is the remainder when s(d) is divided by 19?
14
Let f(v) = v - 1. Let u(o) = o**2 - 13. Let k(r) = -5*f(r) + u(r). Let b be k(6). Calculate the remainder when 1/b*(-992)/16 is divided by 11.
9
Let i(u) = -30*u + 23. Calculate the remainder when i(0) is divided by 21.
2
Let k be 4 - (59 - 4 - 1). Let w = k + 73. Calculate the remainder when 66 is divided by w.
20
What is the remainder when (-4 + 6 - 3)*(1 - 34) is divided by 9?
6
Suppose -19*j + 1147 = 786. Calculate the remainder when 128 is divided by j.
14
Let c(n) = 282*n - 38 - 272*n - 4. What is the remainder when c(16) is divided by 17?
16
Suppose 0 = 2*h - 2, -43 + 7 = -l + h. Suppose -2*n - 3*q + 20 = -3, q = 3*n - 40. Calculate the remainder when l is divided by n.
11
Let r(l) = -l**2 - 10*l + 3. Let a(g) be the first derivative of -g**2 + 8*g - 3. Let w be a(8). What is the remainder when r(w) is divided by 10?
9
Let a = -8 - -50. Calculate 